- -72. What is the remainder when 7*(10 + o/(-4)*1) is divided by 25?
20
Let o(q) = 18*q - 1. Suppose 3*k = 5*b - 17, 5*k + 17 = b - 4. What is the remainder when 101 is divided by o(b)?
16
Let u(p) = p + 8. Let v be u(0). Suppose -95*y - 90 = -98*y. Suppose -y = -v*a + 2. Calculate the remainder when a is divided by 3.
1
Let k = 2086 + -1310. Calculate the remainder when k is divided by 21.
20
Let x = 2 + 9. Let y be ((-12)/15)/(4/(-30)). Suppose -3*k + y*k - 96 = 0. What is the remainder when k is divided by x?
10
Suppose 4*l - 492 = 4*j, -5*j + 8*j + 246 = 2*l. Calculate the remainder when l is divided by 42.
39
Let p(f) = -5*f**2 + 15*f - 21. Let d(l) = 8 - 2 + 4 - 6*l + 2*l**2 - l. Let s(y) = -7*d(y) - 3*p(y). What is the remainder when s(-8) is divided by 14?
11
Suppose -3*g + 5*n = -168, -2*g = -4*g - 3*n + 131. Calculate the remainder when g is divided by 4.
1
Suppose -5*h + 169 + 31 = 0. Suppose 0*i = i - h. Suppose -v = v - i. Calculate the remainder when v is divided by 7.
6
Let f = -48 - -42. What is the remainder when 52 is divided by (f/(-9))/(4/(-6)) - -28?
25
Let q be 4/((-69)/(-210) + (-2)/5). Calculate the remainder when 26 is divided by ((-15)/(-1)*1)/((-84)/q).
6
Let i = -1 - -13. Let m be (60/8)/(2/i). Suppose -r + m = 2*r. Calculate the remainder when r is divided by 4.
3
Let i(k) be the third derivative of 5*k**4/24 - k**3/6 + 273*k**2. Suppose -5*s + 47 = 2. Calculate the remainder when i(s) is divided by 15.
14
Suppose 1827 = -48*v + 5139. What is the remainder when 409 is divided by v?
64
Let z = -7 + 3. Let m(a) = -13*a + 5. Let g be m(z). Suppose -g = -n + 44. What is the remainder when n is divided by 26?
23
Suppose 3*d + 2*f = 99, -2*d - 3*f = -31 - 40. Calculate the remainder when d is divided by 4*1*(-17)/(-4).
14
Let o(j) be the second derivative of -j**3/3 - 11*j**2/2 + 4*j. Let r be o(-9). Suppose 2 = 3*k - r. What is the remainder when 10 is divided by k?
1
Let r = 75 + -45. What is the remainder when (60 - 80/8) + 6 is divided by r?
26
Suppose 7*x + 14 = -0. Calculate the remainder when 28 + (-5 - x - -2) is divided by 10.
7
Calculate the remainder when 417 is divided by (-30)/(-9)*((-438)/(-15) - 4).
81
Let a = 61 - 64. Let v(f) = 5*f**2 - f - 6. What is the remainder when 80 is divided by v(a)?
38
Let g = 31 + 86. Calculate the remainder when g is divided by 40.
37
Suppose 4*u - 15*k = -14*k + 297, -3*k - 88 = -u. What is the remainder when u is divided by 19?
16
Let d(q) = 4*q**2 - 17*q + 16. Calculate the remainder when 518 is divided by d(6).
54
Let q be 3/(-3*(-2)/42). Calculate the remainder when (-7)/(q/(-6)) - (-8 - -1) is divided by 2.
1
Let c = 268 - 162. Calculate the remainder when 160 is divided by c/6 - 9/(-27).
16
Suppose 85 = 5*i - 0*i. Suppose -s + 20 = -2*r + 1, -4*r + i = 3*s. What is the remainder when 43 is divided by s?
10
Calculate the remainder when ((-75)/(-10))/((-20)/(-16)) is divided by 0/(-1 - 1) + 5.
1
Let t(o) = -20*o - 63. What is the remainder when t(-10) is divided by 28?
25
Suppose -5*x - 260 = -0*x. Suppose -4*w = -0*w + a - 364, 3*w = -4*a + 273. Let d = x + w. What is the remainder when d is divided by 10?
9
Suppose -5*l + 5 = 0, -6 = 3*p + l - 157. Calculate the remainder when p is divided by 17.
16
Suppose 0 = 6*f - f - 2*w - 3, -5*f + 8 = 3*w. Let m(j) = -7*j**3 - j**2. Let k be m(f). Let q = 17 + k. Calculate the remainder when q is divided by 5.
4
Let t(i) = -i**3 - 6*i**2 + 10*i + 9. Let v be t(-7). Let g be (-3)/(v/(-8) - 3). Suppose -54 = -g*u - u. Calculate the remainder when 34 is divided by u.
16
Suppose 17 + 1 = w - 5*b, -4*b - 3 = 3*w. Suppose -w*r + 0*r = -39. Suppose -3*x = -6*x + 108. Calculate the remainder when x is divided by r.
10
Suppose -2*t + w = -15, 3*w + w - 50 = -3*t. What is the remainder when 54*(t/3)/5 is divided by 8?
4
Suppose 0 = -35*k + 63*k - 476. What is the remainder when k is divided by 13?
4
Let c(j) = j**2 + 3*j - 17. Let l be 114/(-12) - (-1)/(-2). Calculate the remainder when c(l) is divided by 14.
11
Let t = -31 - -78. Let z = 9 - -35. Suppose 46*v - z*v - 24 = 0. Calculate the remainder when t is divided by v.
11
Suppose -9 = -4*p + 3*o, 3*p = -11*o + 8*o + 12. Suppose -3*f - f = p*k - 92, 5*f = 4*k + 146. What is the remainder when f is divided by 6/9*(-21)/(-2)?
5
Let o = 97 + -35. Suppose 0 = -z + 5, -3*n + o = -0*n - 5*z. Calculate the remainder when 114 is divided by n.
27
Let c be ((-1182)/(-9))/((-8)/6 + 2). Let d = c - 106. What is the remainder when d is divided by 23?
22
Let t be 50/75 - 478/6. Let d = t + 89. Let g = 12 - -26. Calculate the remainder when g is divided by d.
8
Let g be 1/(2 - (-45)/(-25)). Suppose -25 = 5*x, -8 = 3*o - g*x - 60. Let u = 3 - -3. Calculate the remainder when o is divided by u.
3
Let f(u) = 853*u**2 - 32*u + 32. Calculate the remainder when f(1) is divided by 57.
55
Let b = 8 - 7. Suppose 2*x = -b + 35. Suppose 11 = a + 1. What is the remainder when x is divided by a?
7
Suppose 4*w - 5*i - 288 = 0, -i + 2*i - 4 = 0. What is the remainder when w is divided by 40?
37
Let f = -22 + 25. Suppose -v + 5 = -b - f, -b - 2*v = 2. What is the remainder when 53 is divided by (-81)/b + 3/6?
11
Let f(t) = -t**3 - 8*t**2 - 5*t + 2. Calculate the remainder when f(-10) is divided by 32.
28
Let o = 26 + -3. Suppose 0 = -2*t + 5*r + o, -125 = -5*t - 5*r + 20. Suppose 0*d = -3*d + t. Calculate the remainder when 22 is divided by d.
6
Suppose -3*z = z - 20. Suppose -z*s + 1 = -9. Calculate the remainder when 4 is divided by s.
0
Let w(x) = -x**3 + 16*x**2 + 33*x + 66. What is the remainder when 584 is divided by w(18)?
8
Let j = -6 + 18. Suppose -4*c + 0*c + j = 2*b, 3*c = -4*b + 9. What is the remainder when c - 0/(-3)*-1 is divided by 3?
0
Let g(v) = -7*v**2 + 15*v - 10. Let y(u) = 3*u**2 - 7*u + 5. Let t(z) = -6*g(z) - 13*y(z). What is the remainder when t(-3) is divided by 11?
8
Suppose 27 - 234 = -3*i. Suppose 0 = 26*x - 25*x - i. Let w(o) = 6*o. Calculate the remainder when x is divided by w(2).
9
Calculate the remainder when 209 is divided by 54/9 + -13 - -30.
2
Suppose -1337*n + 1351*n - 238 = 0. Calculate the remainder when 662 is divided by n.
16
Suppose 5*x - 3155 = -1005. What is the remainder when x is divided by 14?
10
Calculate the remainder when 61/(-14*5/(-70)) is divided by (1*2)/(-2)*-17.
10
Let p = -205 - -221. Calculate the remainder when (5/(-3))/(1/(-36)) is divided by p.
12
Suppose 5*h - 27 - 3 = 0. Suppose t = h*t - 95. Suppose -2*d = -2*y - 3*y + 52, -d = -4*y + 41. Calculate the remainder when t is divided by y.
9
Suppose -3*l = -5*d - 408, 429 = 19*l - 16*l + 2*d. What is the remainder when l is divided by 13?
11
Let r = 1500 - -444. Calculate the remainder when 73 is divided by (-6)/14 + r/126.
13
Suppose -1810 = -4132*y + 4127*y. What is the remainder when y is divided by 171?
20
Let k = 56 + -54. Suppose -5*x - 8 - 7 = -2*i, -k*i + 21 = -3*x. What is the remainder when i is divided by 10?
5
Suppose -115*c + 162 = -112*c. What is the remainder when c is divided by 4?
2
Let v = 145 + -134. Calculate the remainder when 53 is divided by v.
9
Suppose -9*a - 8 = -11*a. Suppose -17 = -2*h - 5*y + 50, 3*y = -a*h + 127. What is the remainder when 59 is divided by h?
28
Suppose 4*i - 26 - 5 = 5*p, -4*p = -4*i + 28. Let r = i + 2. What is the remainder when 79 is divided by 3*30/27*r?
19
Let c(j) = -3*j**3 - 15*j**2 + 33*j + 27. Calculate the remainder when c(-8) is divided by 108.
15
Let l(w) = 46*w + 17. Let o be l(2). Let b = o + -102. What is the remainder when 31 is divided by b?
3
Let d(y) be the second derivative of -10*y**3/3 + 3*y**2/2 - 22*y. Calculate the remainder when d(-1) is divided by 5.
3
Let h be 24/(-15)*(-10)/4. Suppose 3*j = 3*t + 2*t + 9, -h*t = 0. What is the remainder when j is divided by 1?
0
Let v be 93*2/(-18)*-3. Let n = -30 + v. What is the remainder when 62 is divided by (10/(-2) + n)*-4?
14
Suppose 89 + 86 = -25*p. What is the remainder when -159*p/63*3 is divided by (-1)/1 - (-20)/1?
15
Let f be (-1)/(-3) + (-1034)/6. Let i = -113 - f. Let q = -28 + i. What is the remainder when q is divided by 11?
9
Suppose -165 = -s + 6*s. Suppose -4*p - 3*x = -17, -4*p + 44 = -5*x - 13. Calculate the remainder when p is divided by (-64)/(-11) + (-6)/s.
2
Let d(g)